{"id":116,"date":"2025-05-15T11:35:36","date_gmt":"2025-05-15T09:35:36","guid":{"rendered":"https:\/\/ouestsysteme.com\/?page_id=116"},"modified":"2025-05-15T12:54:30","modified_gmt":"2025-05-15T10:54:30","slug":"securite-incendie","status":"publish","type":"page","link":"https:\/\/ouestsysteme.com\/index.php\/securite-incendie\/","title":{"rendered":"S\u00e9curit\u00e9 Incendie"},"content":{"rendered":"\n<h2 class=\"wp-block-heading has-text-align-center has-large-font-size\"><strong>S\u00e9curit\u00e9 Incendie<\/strong><\/h2>\n\n\n\n<p><strong>Installation de syst\u00e8me de d\u00e9tection incendie, centrale incendie, formation.<\/strong><\/p>\n\n\n\n<h3 class=\"wp-block-heading has-text-align-center has-medium-font-size\"><strong>Les diff\u00e9rents avantages :<\/strong><\/h3>\n\n\n\n<ul class=\"wp-block-list\">\n<li><strong>Alerte pr\u00e9coce en cas de d\u00e9part de feu.<\/strong><\/li>\n\n\n\n<li><strong>S\u00e9curit\u00e9 accrue des personnes.<\/strong><\/li>\n\n\n\n<li><strong>Protection des biens et des infrastructures.<\/strong><\/li>\n\n\n\n<li><strong>R\u00e9duction des dommages potentiels.<\/strong><\/li>\n\n\n\n<li><strong>Conformit\u00e9 aux r\u00e9glementations.<\/strong><\/li>\n<\/ul>\n\n\n\n<figure class=\"wp-block-image size-large is-resized\"><img loading=\"lazy\" decoding=\"async\" width=\"1024\" height=\"680\" src=\"https:\/\/ouestsysteme.com\/wp-content\/uploads\/2025\/05\/incendie-1024x680.jpeg\" alt=\"\" class=\"wp-image-117\" style=\"width:1200px;height:auto\" srcset=\"https:\/\/ouestsysteme.com\/wp-content\/uploads\/2025\/05\/incendie-1024x680.jpeg 1024w, https:\/\/ouestsysteme.com\/wp-content\/uploads\/2025\/05\/incendie-300x199.jpeg 300w, https:\/\/ouestsysteme.com\/wp-content\/uploads\/2025\/05\/incendie-768x510.jpeg 768w, https:\/\/ouestsysteme.com\/wp-content\/uploads\/2025\/05\/incendie-1536x1020.jpeg 1536w, https:\/\/ouestsysteme.com\/wp-content\/uploads\/2025\/05\/incendie.jpeg 1600w\" sizes=\"auto, (max-width: 1024px) 100vw, 1024px\" \/><\/figure>\n","protected":false},"excerpt":{"rendered":"<p>S\u00e9curit\u00e9 Incendie Installation de syst\u00e8me de d\u00e9tection incendie, centrale incendie, formation. Les diff\u00e9rents avantages :<\/p>\n","protected":false},"author":2,"featured_media":0,"parent":0,"menu_order":0,"comment_status":"closed","ping_status":"closed","template":"","meta":{"_uag_custom_page_level_css":"","site-sidebar-layout":"default","site-content-layout":"","ast-site-content-layout":"","site-content-style":"default","site-sidebar-style":"default","ast-global-header-display":"","ast-banner-title-visibility":"","ast-main-header-display":"","ast-hfb-above-header-display":"","ast-hfb-below-header-display":"","ast-hfb-mobile-header-display":"","site-post-title":"disabled","ast-breadcrumbs-content":"","ast-featured-img":"","footer-sml-layout":"","ast-disable-related-posts":"","theme-transparent-header-meta":"","adv-header-id-meta":"","stick-header-meta":"","header-above-stick-meta":"","header-main-stick-meta":"","header-below-stick-meta":"","astra-migrate-meta-layouts":"default","ast-page-background-enabled":"default","ast-page-background-meta":{"desktop":{"background-color":"var(--ast-global-color-5)","background-image":"","background-repeat":"repeat","background-position":"center center","background-size":"auto","background-attachment":"scroll","background-type":"","background-media":"","overlay-type":"","overlay-color":"","overlay-opacity":"","overlay-gradient":""},"tablet":{"background-color":"","background-image":"","background-repeat":"repeat","background-position":"center center","background-size":"auto","background-attachment":"scroll","background-type":"","background-media":"","overlay-type":"","overlay-color":"","overlay-opacity":"","overlay-gradient":""},"mobile":{"background-color":"","background-image":"","background-repeat":"repeat","background-position":"center center","background-size":"auto","background-attachment":"scroll","background-type":"","background-media":"","overlay-type":"","overlay-color":"","overlay-opacity":"","overlay-gradient":""}},"ast-content-background-meta":{"desktop":{"background-color":"var(--ast-global-color-4)","background-image":"","background-repeat":"repeat","background-position":"center center","background-size":"auto","background-attachment":"scroll","background-type":"","background-media":"","overlay-type":"","overlay-color":"","overlay-opacity":"","overlay-gradient":""},"tablet":{"background-color":"var(--ast-global-color-4)","background-image":"","background-repeat":"repeat","background-position":"center center","background-size":"auto","background-attachment":"scroll","background-type":"","background-media":"","overlay-type":"","overlay-color":"","overlay-opacity":"","overlay-gradient":""},"mobile":{"background-color":"var(--ast-global-color-4)","background-image":"","background-repeat":"repeat","background-position":"center center","background-size":"auto","background-attachment":"scroll","background-type":"","background-media":"","overlay-type":"","overlay-color":"","overlay-opacity":"","overlay-gradient":""}},"footnotes":""},"class_list":["post-116","page","type-page","status-publish","hentry"],"yoast_head":"<!-- This site is optimized with the Yoast SEO plugin v27.4 - https:\/\/yoast.com\/product\/yoast-seo-wordpress\/ -->\n<title>S\u00e9curit\u00e9 Incendie - Ouest Systeme<\/title>\n<meta name=\"robots\" content=\"index, follow, max-snippet:-1, max-image-preview:large, max-video-preview:-1\" \/>\n<link rel=\"canonical\" href=\"https:\/\/ouestsysteme.com\/index.php\/securite-incendie\/\" \/>\n<meta property=\"og:locale\" content=\"fr_FR\" \/>\n<meta property=\"og:type\" content=\"article\" \/>\n<meta property=\"og:title\" content=\"S\u00e9curit\u00e9 Incendie - Ouest Systeme\" \/>\n<meta property=\"og:description\" content=\"S\u00e9curit\u00e9 Incendie Installation de syst\u00e8me de d\u00e9tection incendie, centrale incendie, formation. Les diff\u00e9rents avantages :\" \/>\n<meta property=\"og:url\" content=\"https:\/\/ouestsysteme.com\/index.php\/securite-incendie\/\" \/>\n<meta property=\"og:site_name\" content=\"Ouest Systeme\" \/>\n<meta property=\"article:modified_time\" content=\"2025-05-15T10:54:30+00:00\" \/>\n<meta property=\"og:image\" content=\"https:\/\/ouestsysteme.com\/wp-content\/uploads\/2025\/05\/incendie-1024x680.jpeg\" \/>\n<meta name=\"twitter:card\" content=\"summary_large_image\" \/>\n<script type=\"application\/ld+json\" class=\"yoast-schema-graph\">{\"@context\":\"https:\\\/\\\/schema.org\",\"@graph\":[{\"@type\":\"WebPage\",\"@id\":\"https:\\\/\\\/ouestsysteme.com\\\/index.php\\\/securite-incendie\\\/\",\"url\":\"https:\\\/\\\/ouestsysteme.com\\\/index.php\\\/securite-incendie\\\/\",\"name\":\"S\u00e9curit\u00e9 Incendie - Ouest Systeme\",\"isPartOf\":{\"@id\":\"https:\\\/\\\/ouestsysteme.com\\\/#website\"},\"primaryImageOfPage\":{\"@id\":\"https:\\\/\\\/ouestsysteme.com\\\/index.php\\\/securite-incendie\\\/#primaryimage\"},\"image\":{\"@id\":\"https:\\\/\\\/ouestsysteme.com\\\/index.php\\\/securite-incendie\\\/#primaryimage\"},\"thumbnailUrl\":\"https:\\\/\\\/ouestsysteme.com\\\/wp-content\\\/uploads\\\/2025\\\/05\\\/incendie-1024x680.jpeg\",\"datePublished\":\"2025-05-15T09:35:36+00:00\",\"dateModified\":\"2025-05-15T10:54:30+00:00\",\"breadcrumb\":{\"@id\":\"https:\\\/\\\/ouestsysteme.com\\\/index.php\\\/securite-incendie\\\/#breadcrumb\"},\"inLanguage\":\"fr-FR\",\"potentialAction\":[{\"@type\":\"ReadAction\",\"target\":[\"https:\\\/\\\/ouestsysteme.com\\\/index.php\\\/securite-incendie\\\/\"]}]},{\"@type\":\"ImageObject\",\"inLanguage\":\"fr-FR\",\"@id\":\"https:\\\/\\\/ouestsysteme.com\\\/index.php\\\/securite-incendie\\\/#primaryimage\",\"url\":\"https:\\\/\\\/ouestsysteme.com\\\/wp-content\\\/uploads\\\/2025\\\/05\\\/incendie.jpeg\",\"contentUrl\":\"https:\\\/\\\/ouestsysteme.com\\\/wp-content\\\/uploads\\\/2025\\\/05\\\/incendie.jpeg\",\"width\":1600,\"height\":1063},{\"@type\":\"BreadcrumbList\",\"@id\":\"https:\\\/\\\/ouestsysteme.com\\\/index.php\\\/securite-incendie\\\/#breadcrumb\",\"itemListElement\":[{\"@type\":\"ListItem\",\"position\":1,\"name\":\"Accueil\",\"item\":\"https:\\\/\\\/ouestsysteme.com\\\/\"},{\"@type\":\"ListItem\",\"position\":2,\"name\":\"S\u00e9curit\u00e9 Incendie\"}]},{\"@type\":\"WebSite\",\"@id\":\"https:\\\/\\\/ouestsysteme.com\\\/#website\",\"url\":\"https:\\\/\\\/ouestsysteme.com\\\/\",\"name\":\"Ouest Systeme\",\"description\":\"\",\"potentialAction\":[{\"@type\":\"SearchAction\",\"target\":{\"@type\":\"EntryPoint\",\"urlTemplate\":\"https:\\\/\\\/ouestsysteme.com\\\/?s={search_term_string}\"},\"query-input\":{\"@type\":\"PropertyValueSpecification\",\"valueRequired\":true,\"valueName\":\"search_term_string\"}}],\"inLanguage\":\"fr-FR\"}]}<\/script>\n<!-- \/ Yoast SEO plugin. -->","yoast_head_json":{"title":"S\u00e9curit\u00e9 Incendie - Ouest Systeme","robots":{"index":"index","follow":"follow","max-snippet":"max-snippet:-1","max-image-preview":"max-image-preview:large","max-video-preview":"max-video-preview:-1"},"canonical":"https:\/\/ouestsysteme.com\/index.php\/securite-incendie\/","og_locale":"fr_FR","og_type":"article","og_title":"S\u00e9curit\u00e9 Incendie - Ouest Systeme","og_description":"S\u00e9curit\u00e9 Incendie Installation de syst\u00e8me de d\u00e9tection incendie, centrale incendie, formation. Les diff\u00e9rents avantages :","og_url":"https:\/\/ouestsysteme.com\/index.php\/securite-incendie\/","og_site_name":"Ouest Systeme","article_modified_time":"2025-05-15T10:54:30+00:00","og_image":[{"url":"https:\/\/ouestsysteme.com\/wp-content\/uploads\/2025\/05\/incendie-1024x680.jpeg","type":"","width":"","height":""}],"twitter_card":"summary_large_image","schema":{"@context":"https:\/\/schema.org","@graph":[{"@type":"WebPage","@id":"https:\/\/ouestsysteme.com\/index.php\/securite-incendie\/","url":"https:\/\/ouestsysteme.com\/index.php\/securite-incendie\/","name":"S\u00e9curit\u00e9 Incendie - Ouest Systeme","isPartOf":{"@id":"https:\/\/ouestsysteme.com\/#website"},"primaryImageOfPage":{"@id":"https:\/\/ouestsysteme.com\/index.php\/securite-incendie\/#primaryimage"},"image":{"@id":"https:\/\/ouestsysteme.com\/index.php\/securite-incendie\/#primaryimage"},"thumbnailUrl":"https:\/\/ouestsysteme.com\/wp-content\/uploads\/2025\/05\/incendie-1024x680.jpeg","datePublished":"2025-05-15T09:35:36+00:00","dateModified":"2025-05-15T10:54:30+00:00","breadcrumb":{"@id":"https:\/\/ouestsysteme.com\/index.php\/securite-incendie\/#breadcrumb"},"inLanguage":"fr-FR","potentialAction":[{"@type":"ReadAction","target":["https:\/\/ouestsysteme.com\/index.php\/securite-incendie\/"]}]},{"@type":"ImageObject","inLanguage":"fr-FR","@id":"https:\/\/ouestsysteme.com\/index.php\/securite-incendie\/#primaryimage","url":"https:\/\/ouestsysteme.com\/wp-content\/uploads\/2025\/05\/incendie.jpeg","contentUrl":"https:\/\/ouestsysteme.com\/wp-content\/uploads\/2025\/05\/incendie.jpeg","width":1600,"height":1063},{"@type":"BreadcrumbList","@id":"https:\/\/ouestsysteme.com\/index.php\/securite-incendie\/#breadcrumb","itemListElement":[{"@type":"ListItem","position":1,"name":"Accueil","item":"https:\/\/ouestsysteme.com\/"},{"@type":"ListItem","position":2,"name":"S\u00e9curit\u00e9 Incendie"}]},{"@type":"WebSite","@id":"https:\/\/ouestsysteme.com\/#website","url":"https:\/\/ouestsysteme.com\/","name":"Ouest Systeme","description":"","potentialAction":[{"@type":"SearchAction","target":{"@type":"EntryPoint","urlTemplate":"https:\/\/ouestsysteme.com\/?s={search_term_string}"},"query-input":{"@type":"PropertyValueSpecification","valueRequired":true,"valueName":"search_term_string"}}],"inLanguage":"fr-FR"}]}},"uagb_featured_image_src":{"full":false,"thumbnail":false,"medium":false,"medium_large":false,"large":false,"1536x1536":false,"2048x2048":false},"uagb_author_info":{"display_name":"Wayath SENERET","author_link":"https:\/\/ouestsysteme.com\/index.php\/author\/wayath0510\/"},"uagb_comment_info":0,"uagb_excerpt":"S\u00e9curit\u00e9 Incendie Installation de syst\u00e8me de d\u00e9tection incendie, centrale incendie, formation. Les diff\u00e9rents avantages :","_links":{"self":[{"href":"https:\/\/ouestsysteme.com\/index.php\/wp-json\/wp\/v2\/pages\/116","targetHints":{"allow":["GET"]}}],"collection":[{"href":"https:\/\/ouestsysteme.com\/index.php\/wp-json\/wp\/v2\/pages"}],"about":[{"href":"https:\/\/ouestsysteme.com\/index.php\/wp-json\/wp\/v2\/types\/page"}],"author":[{"embeddable":true,"href":"https:\/\/ouestsysteme.com\/index.php\/wp-json\/wp\/v2\/users\/2"}],"replies":[{"embeddable":true,"href":"https:\/\/ouestsysteme.com\/index.php\/wp-json\/wp\/v2\/comments?post=116"}],"version-history":[{"count":4,"href":"https:\/\/ouestsysteme.com\/index.php\/wp-json\/wp\/v2\/pages\/116\/revisions"}],"predecessor-version":[{"id":182,"href":"https:\/\/ouestsysteme.com\/index.php\/wp-json\/wp\/v2\/pages\/116\/revisions\/182"}],"wp:attachment":[{"href":"https:\/\/ouestsysteme.com\/index.php\/wp-json\/wp\/v2\/media?parent=116"}],"curies":[{"name":"wp","href":"https:\/\/api.w.org\/{rel}","templated":true}]}}